{"id":5517,"date":"2026-03-16T11:08:48","date_gmt":"2026-03-16T11:08:48","guid":{"rendered":"https:\/\/arura.hu\/website2\/?post_type=product&#038;p=5517"},"modified":"2026-03-21T19:00:30","modified_gmt":"2026-03-21T19:00:30","slug":"einjaehriger-beifuss-co%e2%82%82-extrakt","status":"publish","type":"product","link":"https:\/\/arura.hu\/website2\/de\/uzlet\/co2-auszuge\/einjaehriger-beifuss-co%e2%82%82-extrakt\/","title":{"rendered":"Einj\u00e4hriger Beifu\u00df CO\u2082-Extrakt"},"content":{"rendered":"<p>Artemisinin ist der Wirkstoff des Einj\u00e4hrigen Beifu\u00dfes (<i>Artemisia annua<\/i>). Bereits vor vielen Jahren wurde er in China zur Behandlung von Malaria eingesetzt. Seine Wirkung beruht darauf, dass er den programmierten Zelltod in Zellen mit ungew\u00f6hnlich hohem Eisengehalt ausl\u00f6st (mit Malaria infizierte Zellen enthalten deutlich mehr Eisen als gesunde Zellen).<\/p>\n<p>Fachliteratur und klinische Studien im Zusammenhang mit dem Auftreten von COVID-19 haben gezeigt, dass der Einj\u00e4hrige Beifu\u00df auch eine ausgepr\u00e4gte antivirale und antibakterielle Wirkung besitzt. Forscher in den Vereinigten Staaten konnten nachweisen, dass Extrakte der Heilpflanze <i>Artemisia annua<\/i> die Vermehrung des schweren akuten respiratorischen Syndrom-Coronavirus (SARS-CoV-2), dem Erreger der Coronavirus-Erkrankung 2019 (COVID-19), hemmen.<\/p>\n<p>Die Herstellung von Artemisinin ist durch ein eigenes Patent gesch\u00fctzt.<br \/>\nDie analytischen Untersuchungen wurden von der B\u00e1lint Analitika Kft., einem EU-akkreditierten Labor, durchgef\u00fchrt.<\/p>\n<p>Dosierung: Zweimal t\u00e4glich 3 Tropfen empfohlen.<br \/>\nDie empfohlene Tagesdosis nicht \u00fcberschreiten.<br \/>\nVor Gebrauch gut sch\u00fctteln.<\/p>\n<p>CO\u2082-Extrakte sind konzentrierter und wirksamer als mit anderen Verfahren gewonnene \u00d6le und enthalten keine L\u00f6sungsmittelr\u00fcckst\u00e4nde, D\u00fcngemittelverbindungen oder Schwermetalle.<\/p>\n<p>&nbsp;<\/p>\n<p><b>Gegenanzeigen \/ Warnhinweis<\/b><\/p>\n<p>Nicht empfohlen f\u00fcr Schwangere, Stillende und Kinder unter 6 Jahren.<br \/>\nVor der Einnahme wird eine R\u00fccksprache mit einer medizinischen Fachperson empfohlen.<\/p>\n<p>Die hier aufgef\u00fchrten Wirkungen und Anwendungsgebiete basieren auf Fachliteratur und klinischen Studien und dienen ausschlie\u00dflich der Information; sie ersetzen keine Behandlung durch qualifiziertes medizinisches Fachpersonal.<br \/>\nBei der Anwendung von Extrakten ist stets Vorsicht geboten, insbesondere w\u00e4hrend Schwangerschaft und Stillzeit, bei Kindern, \u00e4lteren oder geschw\u00e4chten Personen sowie bei bestehenden gesundheitlichen Problemen. Holen Sie fachlichen Rat ein.<br \/>\nVerwenden Sie das Produkt stets gem\u00e4\u00df den Anwendungsempfehlungen.<\/p>\n","protected":false},"excerpt":{"rendered":"<p>Lateinischer Name: <i>Artemisia annua<\/i><br \/>\nHerkunft: Ungarn<br \/>\nVerwendeter Pflanzenteil: oberirdische Pflanzenteile<br \/>\nExtraktionsverfahren: superkritische CO\u2082-Extraktion<\/p>\n","protected":false},"featured_media":5530,"template":"","meta":{"site-sidebar-layout":"default","site-content-layout":"","ast-site-content-layout":"default","site-content-style":"default","site-sidebar-style":"default","ast-global-header-display":"","ast-banner-title-visibility":"","ast-main-header-display":"","ast-hfb-above-header-display":"","ast-hfb-below-header-display":"","ast-hfb-mobile-header-display":"","site-post-title":"","ast-breadcrumbs-content":"","ast-featured-img":"","footer-sml-layout":"","ast-disable-related-posts":"","theme-transparent-header-meta":"default","adv-header-id-meta":"","stick-header-meta":"","header-above-stick-meta":"","header-main-stick-meta":"","header-below-stick-meta":"","astra-migrate-meta-layouts":"set","ast-page-background-enabled":"default","ast-page-background-meta":{"desktop":{"background-color":"var(--ast-global-color-4)","background-image":"","background-repeat":"repeat","background-position":"center center","background-size":"auto","background-attachment":"scroll","background-type":"","background-media":"","overlay-type":"","overlay-color":"","overlay-opacity":"","overlay-gradient":""},"tablet":{"background-color":"","background-image":"","background-repeat":"repeat","background-position":"center center","background-size":"auto","background-attachment":"scroll","background-type":"","background-media":"","overlay-type":"","overlay-color":"","overlay-opacity":"","overlay-gradient":""},"mobile":{"background-color":"","background-image":"","background-repeat":"repeat","background-position":"center center","background-size":"auto","background-attachment":"scroll","background-type":"","background-media":"","overlay-type":"","overlay-color":"","overlay-opacity":"","overlay-gradient":""}},"ast-content-background-meta":{"desktop":{"background-color":"var(--ast-global-color-5)","background-image":"","background-repeat":"repeat","background-position":"center center","background-size":"auto","background-attachment":"scroll","background-type":"","background-media":"","overlay-type":"","overlay-color":"","overlay-opacity":"","overlay-gradient":""},"tablet":{"background-color":"var(--ast-global-color-5)","background-image":"","background-repeat":"repeat","background-position":"center center","background-size":"auto","background-attachment":"scroll","background-type":"","background-media":"","overlay-type":"","overlay-color":"","overlay-opacity":"","overlay-gradient":""},"mobile":{"background-color":"var(--ast-global-color-5)","background-image":"","background-repeat":"repeat","background-position":"center center","background-size":"auto","background-attachment":"scroll","background-type":"","background-media":"","overlay-type":"","overlay-color":"","overlay-opacity":"","overlay-gradient":""}}},"product_brand":[],"product_cat":[92],"product_tag":[],"class_list":{"0":"post-5517","1":"product","2":"type-product","3":"status-publish","4":"has-post-thumbnail","6":"product_cat-co2-auszuge","7":"desktop-align-center","8":"tablet-align-left","9":"mobile-align-left","11":"first","12":"instock","13":"taxable","14":"shipping-taxable","15":"purchasable","16":"product-type-variable"},"lang":"de","translations":{"de":5517,"en":5515,"hu":4679},"pll_sync_post":[],"_links":{"self":[{"href":"https:\/\/arura.hu\/website2\/wp-json\/wp\/v2\/product\/5517","targetHints":{"allow":["GET"]}}],"collection":[{"href":"https:\/\/arura.hu\/website2\/wp-json\/wp\/v2\/product"}],"about":[{"href":"https:\/\/arura.hu\/website2\/wp-json\/wp\/v2\/types\/product"}],"wp:featuredmedia":[{"embeddable":true,"href":"https:\/\/arura.hu\/website2\/wp-json\/wp\/v2\/media\/5530"}],"wp:attachment":[{"href":"https:\/\/arura.hu\/website2\/wp-json\/wp\/v2\/media?parent=5517"}],"wp:term":[{"taxonomy":"product_brand","embeddable":true,"href":"https:\/\/arura.hu\/website2\/wp-json\/wp\/v2\/product_brand?post=5517"},{"taxonomy":"product_cat","embeddable":true,"href":"https:\/\/arura.hu\/website2\/wp-json\/wp\/v2\/product_cat?post=5517"},{"taxonomy":"product_tag","embeddable":true,"href":"https:\/\/arura.hu\/website2\/wp-json\/wp\/v2\/product_tag?post=5517"}],"curies":[{"name":"wp","href":"https:\/\/api.w.org\/{rel}","templated":true}]}}