{"id":4669,"date":"2025-01-21T14:02:01","date_gmt":"2025-01-21T14:02:01","guid":{"rendered":"https:\/\/arura.hu\/website2\/?post_type=product&#038;p=4669"},"modified":"2026-03-21T19:06:25","modified_gmt":"2026-03-21T19:06:25","slug":"homoktovismag-co2-extraktum","status":"publish","type":"product","link":"https:\/\/arura.hu\/website2\/uzlet\/extraktum\/homoktovismag-co2-extraktum\/","title":{"rendered":"Homokt\u00f6vismag CO2 extraktum"},"content":{"rendered":"<p>A homokt\u00f6vis rendk\u00edv\u00fcl sokoldal\u00fa gy\u00f3gyn\u00f6v\u00e9ny, sz\u00e9les k\u00f6r\u0171 j\u00f3t\u00e9kony hat\u00e1sa k\u00f6zismert. Magas C-vitamin tartalma hozz\u00e1j\u00e1rulhat az immunrendszer t\u00e1mogat\u00e1s\u00e1hoz \u00e9s a m\u00e1j v\u00e9delm\u00e9hez. T\u00e1mogathatja a sz\u00edv, a m\u00e1j \u00e9s az agy eg\u00e9szs\u00e9g\u00e9t, jav\u00edthatja az erek \u00e1llapot\u00e1t \u00e9s k\u00e9sleltetheti az \u00f6reged\u00e9s l\u00e1that\u00f3 jeleinek megjelen\u00e9s\u00e9t. Ezen fel\u00fcl el\u0151seg\u00edtheti a v\u00e9rcukor- \u00e9s v\u00e9rnyom\u00e1s szinten tart\u00e1s\u00e1t \u00e9s hozz\u00e1j\u00e1rulhat az eg\u00e9szs\u00e9ges haj megtart\u00e1s\u00e1hoz.<\/p>\n<p>Adagol\u00e1s: Napi 2 alkalommal 3 csepp javasolt.<br \/>\nA javasolt napi adagot ne l\u00e9pje t\u00fal!<br \/>\nHaszn\u00e1lat el\u0151tt felr\u00e1zand\u00f3!<\/p>\n<p>A CO2 kivonatok koncentr\u00e1ltabbak \u00e9s er\u0151sebbek, mint \u00a0a m\u00e1s elj\u00e1r\u00e1ssal kinyert olajok, nem tartalmaznak old\u00f3szermaradv\u00e1nyt, m\u0171tr\u00e1gya vegy\u00fcleteket, neh\u00e9zf\u00e9meket.<\/p>\n<p>Forr\u00e1s: Csupor Dezs\u0151: Pirulakalauz PharMagist Bt. 2020<\/p>\n<p><strong style=\"font-size: 16px;\">Ellenjavallatok \/ Figyelmeztet\u00e9s\u00a0<\/strong><\/p>\n<p>V\u00e1rand\u00f3soknak, szoptat\u00f3 any\u00e1knak \u00e9s 6 \u00e9v alatti gyermekeknek alkalmaz\u00e1sa nem javasolt!<br \/>\nAkut epeh\u00f3lyag-gyullad\u00e1s eset\u00e9n fogyaszt\u00e1sa nem javasolt!<\/p>\n<p>A szakirodalom \u00e9s a klinikai vizsg\u00e1latok alapj\u00e1n itt felsorolt hat\u00e1sok, felhaszn\u00e1l\u00e1si javallatok t\u00e1j\u00e9koztat\u00f3 jelleg\u0171ek, nem helyettes\u00edtik a szakk\u00e9pzett eg\u00e9szs\u00e9g\u00fcgyi szem\u00e9ly \u00e1ltal el\u0151\u00edrt kezel\u00e9st.<br \/>\nAz extraktumok haszn\u00e1lat\u00e1n\u00e1l minden esetben k\u00f6r\u00fcltekint\u0151en kell elj\u00e1rni! K\u00fcl\u00f6n\u00f6sen a v\u00e1rand\u00f3ss\u00e1g, a szoptat\u00e1s ideje alatt, kisgyermekekn\u00e9l, id\u0151s, legyeng\u00fclt szervezet\u0171 egy\u00e9nek eset\u00e9ben, valamint b\u00e1rmilyen eg\u00e9szs\u00e9g\u00fcgyi rendelleness\u00e9g eset\u00e9ben k\u00e9rje ki szakember v\u00e9lem\u00e9ny\u00e9t!<br \/>\nA term\u00e9ket mindig a felhaszn\u00e1l\u00e1si javaslatnak megfelel\u0151en haszn\u00e1lja!<\/p>\n","protected":false},"excerpt":{"rendered":"<p>Latin n\u00e9v: Hippophae rhamnoides<br \/>\nSz\u00e1rmaz\u00e1s: Magyarorsz\u00e1g<br \/>\nFelhaszn\u00e1lt n\u00f6v\u00e9nyi r\u00e9sz: mag<br \/>\nKivon\u00e1si elj\u00e1r\u00e1s: CO2 szuperkritikus extrakci\u00f3<\/p>\n","protected":false},"featured_media":4671,"template":"","meta":{"site-sidebar-layout":"default","site-content-layout":"","ast-site-content-layout":"default","site-content-style":"default","site-sidebar-style":"default","ast-global-header-display":"","ast-banner-title-visibility":"","ast-main-header-display":"","ast-hfb-above-header-display":"","ast-hfb-below-header-display":"","ast-hfb-mobile-header-display":"","site-post-title":"","ast-breadcrumbs-content":"","ast-featured-img":"","footer-sml-layout":"","ast-disable-related-posts":"","theme-transparent-header-meta":"default","adv-header-id-meta":"","stick-header-meta":"","header-above-stick-meta":"","header-main-stick-meta":"","header-below-stick-meta":"","astra-migrate-meta-layouts":"set","ast-page-background-enabled":"default","ast-page-background-meta":{"desktop":{"background-color":"var(--ast-global-color-4)","background-image":"","background-repeat":"repeat","background-position":"center center","background-size":"auto","background-attachment":"scroll","background-type":"","background-media":"","overlay-type":"","overlay-color":"","overlay-opacity":"","overlay-gradient":""},"tablet":{"background-color":"","background-image":"","background-repeat":"repeat","background-position":"center center","background-size":"auto","background-attachment":"scroll","background-type":"","background-media":"","overlay-type":"","overlay-color":"","overlay-opacity":"","overlay-gradient":""},"mobile":{"background-color":"","background-image":"","background-repeat":"repeat","background-position":"center center","background-size":"auto","background-attachment":"scroll","background-type":"","background-media":"","overlay-type":"","overlay-color":"","overlay-opacity":"","overlay-gradient":""}},"ast-content-background-meta":{"desktop":{"background-color":"var(--ast-global-color-5)","background-image":"","background-repeat":"repeat","background-position":"center center","background-size":"auto","background-attachment":"scroll","background-type":"","background-media":"","overlay-type":"","overlay-color":"","overlay-opacity":"","overlay-gradient":""},"tablet":{"background-color":"var(--ast-global-color-5)","background-image":"","background-repeat":"repeat","background-position":"center center","background-size":"auto","background-attachment":"scroll","background-type":"","background-media":"","overlay-type":"","overlay-color":"","overlay-opacity":"","overlay-gradient":""},"mobile":{"background-color":"var(--ast-global-color-5)","background-image":"","background-repeat":"repeat","background-position":"center center","background-size":"auto","background-attachment":"scroll","background-type":"","background-media":"","overlay-type":"","overlay-color":"","overlay-opacity":"","overlay-gradient":""}}},"product_brand":[],"product_cat":[43],"product_tag":[],"class_list":{"0":"post-4669","1":"product","2":"type-product","3":"status-publish","4":"has-post-thumbnail","6":"product_cat-extraktum","7":"desktop-align-center","8":"tablet-align-left","9":"mobile-align-left","11":"first","12":"instock","13":"taxable","14":"shipping-taxable","15":"purchasable","16":"product-type-variable"},"lang":"hu","translations":{"hu":4669},"pll_sync_post":[],"_links":{"self":[{"href":"https:\/\/arura.hu\/website2\/wp-json\/wp\/v2\/product\/4669","targetHints":{"allow":["GET"]}}],"collection":[{"href":"https:\/\/arura.hu\/website2\/wp-json\/wp\/v2\/product"}],"about":[{"href":"https:\/\/arura.hu\/website2\/wp-json\/wp\/v2\/types\/product"}],"wp:featuredmedia":[{"embeddable":true,"href":"https:\/\/arura.hu\/website2\/wp-json\/wp\/v2\/media\/4671"}],"wp:attachment":[{"href":"https:\/\/arura.hu\/website2\/wp-json\/wp\/v2\/media?parent=4669"}],"wp:term":[{"taxonomy":"product_brand","embeddable":true,"href":"https:\/\/arura.hu\/website2\/wp-json\/wp\/v2\/product_brand?post=4669"},{"taxonomy":"product_cat","embeddable":true,"href":"https:\/\/arura.hu\/website2\/wp-json\/wp\/v2\/product_cat?post=4669"},{"taxonomy":"product_tag","embeddable":true,"href":"https:\/\/arura.hu\/website2\/wp-json\/wp\/v2\/product_tag?post=4669"}],"curies":[{"name":"wp","href":"https:\/\/api.w.org\/{rel}","templated":true}]}}