{"id":149,"date":"2024-05-21T10:58:06","date_gmt":"2024-05-21T10:58:06","guid":{"rendered":"https:\/\/arura.hu\/website2\/?post_type=product&#038;p=149"},"modified":"2026-03-21T18:54:58","modified_gmt":"2026-03-21T18:54:58","slug":"cickafark-illoolaj-add-to-cart142","status":"publish","type":"product","link":"https:\/\/arura.hu\/website2\/uzlet\/illoolaj\/cickafark-illoolaj-add-to-cart142\/","title":{"rendered":"Cickafark&nbsp; &nbsp;\u3164\u3164\u3164ill\u00f3olaj"},"content":{"rendered":"<p>antiszeptikus, gyullad\u00e1scs\u00f6kkent\u0151, \u00f6sszeh\u00faz\u00f3, v\u00e9rz\u00e9scsillap\u00edt\u00f3, sejtmeg\u00faj\u00edt\u00f3<\/p>\n<p><strong>Felhaszn\u00e1l\u00e1si javaslatok<\/strong><\/p>\n<ul>\n<li dir=\"auto\">mindenf\u00e9le b\u0151rgyullad\u00e1sra<\/li>\n<li dir=\"auto\">nehezen gy\u00f3gyul\u00f3 sebekre<\/li>\n<li dir=\"auto\">n\u0151gy\u00f3gy\u00e1szati probl\u00e9m\u00e1kra<\/li>\n<li dir=\"auto\">nyugtatja a gyomrot<\/li>\n<li dir=\"auto\">cs\u00f6kkenti az em\u00e9szt\u0151szervi gyullad\u00e1sokat<\/li>\n<li dir=\"auto\">ellaz\u00edtja az idegeket<\/li>\n<li dir=\"auto\">cs\u00f6kkenti a v\u00e9rnyom\u00e1st<\/li>\n<li dir=\"auto\">nyugodt alv\u00e1shoz seg\u00edt<\/li>\n<\/ul>\n<p>&nbsp;<\/p>\n<p><strong style=\"font-size: 16px;\">Ellenjavallat<\/strong><\/p>\n<ul>\n<li>Nem aj\u00e1nlott v\u00e1rand\u00f3soknak, szoptat\u00f3 any\u00e1knak \u00e9s 6 \u00e9v alatti kisgyermekeknek, magas v\u00e9rnyom\u00e1s valamint epilepszia eset\u00e9n!<\/li>\n<\/ul>\n<p>&nbsp;<\/p>\n<p><strong style=\"font-size: 16px;\">Figyelmeztet\u00e9s \/ <\/strong><\/p>\n<p>A szakirodalom alapj\u00e1n itt felsorolt hat\u00e1sok, felhaszn\u00e1l\u00e1si javallatok t\u00e1j\u00e9koztat\u00f3 jelleg\u0171ek, nem helyettes\u00edtik a szakk\u00e9pzett eg\u00e9szs\u00e9g\u00fcgyi szem\u00e9ly, orvos \u00e1ltal el\u0151\u00edrt kezel\u00e9st illetve szakk\u00e9pzett aromaterapeut\u00e1val t\u00f6rt\u00e9n\u0151 konzult\u00e1ci\u00f3t! Az ill\u00f3olajok haszn\u00e1lat\u00e1n\u00e1l minden esetben k\u00f6r\u00fcltekint\u0151en kell elj\u00e1rni! K\u00fcl\u00f6n\u00f6sen a v\u00e1rand\u00f3ss\u00e1g, a szoptat\u00e1s ideje alatt, kisgyermekn\u00e9l, id\u0151s, legyeng\u00fclt szervezet\u0171ekn\u00e9l valamint b\u00e1rmilyen eg\u00e9szs\u00e9g\u00fcgyi rendelleness\u00e9g eset\u00e9ben k\u00e9rje ki orvosa, ill. szakk\u00e9pzett aromaterapeuta v\u00e9lem\u00e9ny\u00e9t!\u00a0Az ill\u00f3olajat ne haszn\u00e1lja h\u00edg\u00edtatlanul a b\u0151r\u00e9n!<br \/>\nAz ill\u00f3olajok egyes \u00f6sszetev\u0151i az arra \u00e9rz\u00e9keny szem\u00e9lyekn\u00e9l allergi\u00e1s t\u00fcneteket v\u00e1lthatnak ki, ez\u00e9rt az els\u0151 haszn\u00e1lat el\u0151tt v\u00e9gezzen allergiatesztet az al\u00e1bbiak szerint: 1 csepp ill\u00f3olajat keverjen el 1 mokk\u00e1skan\u00e1lnyi n\u00f6v\u00e9nyi olajban. Ebb\u0151l a kever\u00e9kb\u0151l kenjen a k\u00f6ny\u00f6khajlatba \u00e9s fedje be egy sebtapasszal. Amennyiben 24 \u00f3ra alatt nem tapasztal allergi\u00e1s reakci\u00f3kat, elv\u00e1ltoz\u00e1st, kipirosod\u00e1st, viszket\u0151 \u00e9rz\u00e9st \u2013 biztons\u00e1ggal haszn\u00e1lhatja az ill\u00f3olajat.<\/p>\n","protected":false},"excerpt":{"rendered":"<p>Ez a ragyog\u00f3 k\u00e9k sz\u00edn\u0171 ill\u00f3olaj az egyik leghat\u00e9konyabb gyullad\u00e1scs\u00f6kkent\u0151, a b\u0151rprobl\u00e9m\u00e1k, a nehezen gy\u00f3gyul\u00f3 sebek gy\u00f3gy\u00edt\u00f3ja.<\/p>\n<p><img fetchpriority=\"high\" decoding=\"async\" class=\"alignnone wp-image-4536\" src=\"https:\/\/arura.hu\/website2\/wp-content\/uploads\/2024\/08\/arura_ikonok_2-2-1024x247.png\" alt=\"\" width=\"484\" height=\"117\" srcset=\"https:\/\/arura.hu\/website2\/wp-content\/uploads\/2024\/08\/arura_ikonok_2-2-1024x247.png 1024w, https:\/\/arura.hu\/website2\/wp-content\/uploads\/2024\/08\/arura_ikonok_2-2-300x72.png 300w, https:\/\/arura.hu\/website2\/wp-content\/uploads\/2024\/08\/arura_ikonok_2-2-768x186.png 768w, https:\/\/arura.hu\/website2\/wp-content\/uploads\/2024\/08\/arura_ikonok_2-2-1536x371.png 1536w, https:\/\/arura.hu\/website2\/wp-content\/uploads\/2024\/08\/arura_ikonok_2-2-2048x495.png 2048w, https:\/\/arura.hu\/website2\/wp-content\/uploads\/2024\/08\/arura_ikonok_2-2-600x145.png 600w\" sizes=\"(max-width: 484px) 100vw, 484px\" \/><\/p>\n<p>Latin n\u00e9v: Achillea millefolium<br \/>\nSz\u00e1rmaz\u00e1s: Magyarorsz\u00e1g<br \/>\nFelhaszn\u00e1lt n\u00f6v\u00e9nyi r\u00e9sz: vir\u00e1gos hajt\u00e1sok<br \/>\nFeldolgoz\u00e1s m\u00f3dja: g\u0151zdesztill\u00e1ci\u00f3<br \/>\nF\u0151 \u00f6sszetev\u0151k: alfa-, b\u00e9ta-pin\u00e9n, germakr\u00e9n, cineol, k\u00e1mfor, kamazul\u00e9n<\/p>\n","protected":false},"featured_media":150,"template":"","meta":{"site-sidebar-layout":"default","site-content-layout":"","ast-site-content-layout":"default","site-content-style":"default","site-sidebar-style":"default","ast-global-header-display":"","ast-banner-title-visibility":"","ast-main-header-display":"","ast-hfb-above-header-display":"","ast-hfb-below-header-display":"","ast-hfb-mobile-header-display":"","site-post-title":"","ast-breadcrumbs-content":"","ast-featured-img":"","footer-sml-layout":"","ast-disable-related-posts":"","theme-transparent-header-meta":"default","adv-header-id-meta":"","stick-header-meta":"","header-above-stick-meta":"","header-main-stick-meta":"","header-below-stick-meta":"","astra-migrate-meta-layouts":"set","ast-page-background-enabled":"default","ast-page-background-meta":{"desktop":{"background-color":"var(--ast-global-color-4)","background-image":"","background-repeat":"repeat","background-position":"center center","background-size":"auto","background-attachment":"scroll","background-type":"","background-media":"","overlay-type":"","overlay-color":"","overlay-opacity":"","overlay-gradient":""},"tablet":{"background-color":"","background-image":"","background-repeat":"repeat","background-position":"center center","background-size":"auto","background-attachment":"scroll","background-type":"","background-media":"","overlay-type":"","overlay-color":"","overlay-opacity":"","overlay-gradient":""},"mobile":{"background-color":"","background-image":"","background-repeat":"repeat","background-position":"center center","background-size":"auto","background-attachment":"scroll","background-type":"","background-media":"","overlay-type":"","overlay-color":"","overlay-opacity":"","overlay-gradient":""}},"ast-content-background-meta":{"desktop":{"background-color":"var(--ast-global-color-5)","background-image":"","background-repeat":"repeat","background-position":"center center","background-size":"auto","background-attachment":"scroll","background-type":"","background-media":"","overlay-type":"","overlay-color":"","overlay-opacity":"","overlay-gradient":""},"tablet":{"background-color":"var(--ast-global-color-5)","background-image":"","background-repeat":"repeat","background-position":"center center","background-size":"auto","background-attachment":"scroll","background-type":"","background-media":"","overlay-type":"","overlay-color":"","overlay-opacity":"","overlay-gradient":""},"mobile":{"background-color":"var(--ast-global-color-5)","background-image":"","background-repeat":"repeat","background-position":"center center","background-size":"auto","background-attachment":"scroll","background-type":"","background-media":"","overlay-type":"","overlay-color":"","overlay-opacity":"","overlay-gradient":""}}},"product_brand":[],"product_cat":[18],"product_tag":[],"class_list":{"0":"post-149","1":"product","2":"type-product","3":"status-publish","4":"has-post-thumbnail","6":"product_cat-illoolaj","7":"desktop-align-center","8":"tablet-align-left","9":"mobile-align-left","11":"first","12":"instock","13":"taxable","14":"shipping-taxable","15":"purchasable","16":"product-type-variable"},"lang":"hu","translations":{"hu":149,"en":5379,"de":5382},"pll_sync_post":[],"_links":{"self":[{"href":"https:\/\/arura.hu\/website2\/wp-json\/wp\/v2\/product\/149","targetHints":{"allow":["GET"]}}],"collection":[{"href":"https:\/\/arura.hu\/website2\/wp-json\/wp\/v2\/product"}],"about":[{"href":"https:\/\/arura.hu\/website2\/wp-json\/wp\/v2\/types\/product"}],"wp:featuredmedia":[{"embeddable":true,"href":"https:\/\/arura.hu\/website2\/wp-json\/wp\/v2\/media\/150"}],"wp:attachment":[{"href":"https:\/\/arura.hu\/website2\/wp-json\/wp\/v2\/media?parent=149"}],"wp:term":[{"taxonomy":"product_brand","embeddable":true,"href":"https:\/\/arura.hu\/website2\/wp-json\/wp\/v2\/product_brand?post=149"},{"taxonomy":"product_cat","embeddable":true,"href":"https:\/\/arura.hu\/website2\/wp-json\/wp\/v2\/product_cat?post=149"},{"taxonomy":"product_tag","embeddable":true,"href":"https:\/\/arura.hu\/website2\/wp-json\/wp\/v2\/product_tag?post=149"}],"curies":[{"name":"wp","href":"https:\/\/api.w.org\/{rel}","templated":true}]}}